 is 35230 + 3?
35233
In base 6, what is -243505 - 13?
-243522
In base 3, what is -2122 + 10020002?
10010110
In base 14, what is 48 + -b37?
-acd
In base 12, what is ab2 + -bb9?
-107
In base 6, what is 4 - 5120?
-5112
In base 11, what is -17 - 1077?
-1093
In base 5, what is -3 + 1333214?
1333211
In base 3, what is -21 + 12021101?
12021010
In base 5, what is 2130 - 1342?
233
In base 9, what is 4 + 587336?
587341
In base 5, what is -22203 + -234?
-22442
In base 8, what is -1357 - -6?
-1351
In base 2, what is 100010110 + -111001111?
-10111001
In base 4, what is -200223 - 203?
-201032
In base 4, what is -120332 - 30020?
-211012
In base 8, what is 1530 + -110?
1420
In base 3, what is 12001 + 12211?
101212
In base 5, what is 414304 - 13?
414241
In base 2, what is -110001011010 + 1110?
-110001001100
In base 16, what is bb2c + 17?
bb43
In base 11, what is 207195 - 3?
207192
In base 8, what is -50 + -303506?
-303556
In base 3, what is 10021111001 + -101?
10021110200
In base 12, what is -84503 + 5?
-844ba
In base 12, what is -461 - -28?
-435
In base 11, what is -838 - -66?
-782
In base 14, what is 3 + -1cabdc?
-1cabd9
In base 4, what is -211032313 - -101?
-211032212
In base 15, what is a1d9 - 45?
a194
In base 3, what is -11011 - 101001222?
-101020010
In base 16, what is 0 - -a9f3?
a9f3
In base 11, what is 446 + -45?
401
In base 9, what is -1826 - -10?
-1816
In base 16, what is 18526 + 2?
18528
In base 12, what is 18aab0 - -5?
18aab5
In base 10, what is -378 + -147?
-525
In base 16, what is -10047 - 1b?
-10062
In base 14, what is 317c0 - -4?
317c4
In base 10, what is 1 - -149235?
149236
In base 9, what is -145 - 101?
-246
In base 16, what is -1 - 10ff8?
-10ff9
In base 15, what is -2 - -11b7b?
11b79
In base 5, what is 223 - 2013213?
-2012440
In base 9, what is 2 + -3527?
-3525
In base 11, what is 3a - -8341?
8380
In base 10, what is -164367 - -3?
-164364
In base 12, what is -5a99a + 3?
-5a997
In base 10, what is 18 - -4582?
4600
In base 6, what is -44 - 12331?
-12415
In base 8, what is -13265623 - -1?
-13265622
In base 16, what is -7d96 - -18?
-7d7e
In base 5, what is -13 - 103400?
-103413
In base 5, what is 10132 + -12312?
-2130
In base 2, what is 110010111 - 1101001001?
-110110010
In base 5, what is -32 + -4413402?
-4413434
In base 12, what is 194 + -ab?
a5
In base 7, what is -2002 + 333?
-1336
In base 13, what is 6b2 - -9?
6bb
In base 15, what is 5939 - 3?
5936
In base 11, what is 2723 - 26?
26a8
In base 8, what is -3 + -112324?
-112327
In base 13, what is 4 + -964a?
-9646
In base 13, what is 51 - -32b?
37c
In base 16, what is -e16 + -5?
-e1b
In base 3, what is 2210010022 + -10?
2210010012
In base 7, what is 123 - -5434?
5560
In base 10, what is -21346 - -47?
-21299
In base 16, what is -1 - c64ab?
-c64ac
In base 9, what is 70357 + 1?
70358
In base 3, what is 2111 - 1012?
1022
In base 10, what is 13 - 28254?
-28241
In base 5, what is 3010 + -331311?
-323301
In base 4, what is 132 + 10320231?
10321023
In base 13, what is 12076b + 0?
12076b
In base 12, what is 4b + 4554?
45a3
In base 14, what is -1c + 6b9?
69b
In base 2, what is 1001101110111110 - -11?
1001101111000001
In base 10, what is -4 + -4073?
-4077
In base 12, what is 2 - 115517?
-115515
In base 13, what is -147a + -4b?
-14c8
In base 3, what is -1022211 - -20121201?
12021220
In base 6, what is 12254 - -5?
12303
In base 3, what is -222 - -122011102?
122010110
In base 5, what is 1024314314 + -10?
1024314304
In base 5, what is -22424100 + -12?
-22424112
In base 7, what is -54126 - -40?
-54056
In base 13, what is -379 + 4?
-375
In base 3, what is 1222202 + 2222002?
11221211
In base 2, what is 1011011010111 - 101110000?
1010101100111
In base 11, what is -5 + 296a?
2965
In base 6, what is -315442 + 0?
-315442
In base 13, what is 1a + -10084?
-10067
In base 6, what is -3 + -142322?
-142325
In base 7, what is 4 - -56212?
56216
In base 14, what is -5 + -4761?
-4766
In base 10, what is -120637 + 5?
-120632
In base 8, what is -1237346 - -4?
-1237342
In base 6, what is -4 - -341532?
341524
In base 15, what is 1 + -4c141?
-4c140
In base 12, what is 2 + -19923?
-19921
In base 4, what is 331 + -21032?
-20101
In base 7, what is -13 + -2203?
-2216
In base 16, what is 0 + 482b?
482b
In base 2, what is 11 + 100000001011010?
100000001011101
In base 13, what is 70c953 + 5?
70c958
In base 14, what is -da37d + b?
-da372
In base 16, what is 34f8b - -2?
34f8d
In base 9, what is 16 + -545580?
-545563
In base 4, what is -103 - 323222?
-323331
In base 8, what is -2640 - 17?
-2657
In base 3, what is -2022 + -12010222?
-12020021
In base 14, what is -15d67 + -11?
-15d78
In base 8, what is -10 + 2703?
2673
In base 11, what is -1107504 + -4?
-1107508
In base 16, what is -a69a - 1?
-a69b
In base 12, what is -5 - 69b?
-6a4
In base 9, what is 15706 + 0?
15706
In base 12, what is -21471 - b?
-21480
In base 3, what is 12 - -21001111000?
21001111012
In base 13, what is 50c - -5b?
56a
In base 4, what is -10 - -1320302020?
1320302010
In base 10, what is -61 + 687?
626
In base 2, what is 101110100000 + 1001100?
101111101100
In base 9, what is -48 + 12608?
12550
In base 14, what is -6 + 16b9?
16b3
In base 10, what is 13563 - 1?
13562
In base 11, what is -10527 - 5?
-10531
In base 11, what is 24a7380 + 2?
24a7382
In base 6, what is -112 + -1051?
-1203
In base 15, what is -31 + -6a?
-9b
In base 9, what is 1 + -205280?
-205278
In base 6, what is 1005311222 - -5?
1005311231
In base 12, what is -10603 - 89?
-10690
In base 11, what is 123 - 217?
-a4
In base 10, what is 4728402 + -5?
4728397
In base 11, what is -a85 - 3?
-a88
In base 4, what is -102 - 21111?
-21213
In base 12, what is 31 - 48a?
-459
In base 12, what is 1268 + 401?
1669
In base 13, what is -4 - 79715?
-79719
In base 8, what is -5 - 6251?
-6256
In base 13, what is -1 + -75b?
-75c
In base 12, what is 14 - 22a?
-216
In base 15, what is -1d + 4696?
4678
In base 15, what is -1b0 - -31c?
15c
In base 11, what is -6 + -8601?
-8607
In base 10, what is -4 - -11734?
11730
In base 6, what is 332313 - -35?
332352
In base 7, what is 213 + 25106?
25322
In base 15, what is 4 + -138?
-134
In base 7, what is 512 + 3662?
4504
In base 4, what is -12231 - 102?
-12333
In base 16, what is -aeb8 + -2?
-aeba
In base 14, what is 1390 + -16?
1378
In base 8, what is -12054 + -5?
-12061
In base 13, what is 47 + 9083?
90ca
In base 10, what is 0 + 75842?
75842
In base 6, what is -53405 + -1203?
-55012
In base 9, what is 41 - -802?
843
In base 3, what is -10 + -122121000211?
-122121000221
In base 8, what is -100551 + 22?
-100527
In base 2, what is -1101101001001111001 - -11?
-1101101001001110110
In base 8, what is -1251317 + 3?
-1251314
In base 4, what is -10 - 11313332?
-11320002
In base 3, what is -21012111010 + 10?
-21012111000
In base 13, what is 4 + 55b8?
55bc
In base 16, what is -8b8bc - 6?
-8b8c2
In base 10, what is 130 + 332?
462
In base 5, what is -13402 - 10043?
-24000
In base 3, what is 11 + -10211210021?
-10211210010
In base 4, what is -3 + 210110?
210101
In base 10, what is 1 - 12993?
-12992
In base 16, what is -3 - -1042e?
1042b
In base 13, what is -6768 + 4b?
-671a
In base 12, what is 14575 + -5?
14570
In base 8, what is -3 - -340161?
340156
In base 13, what is -1 - 35926?
-35927
In base 13, what is 22b894 - -2?
22b896
In base 5, what is -4 + -2341214?
-2341223
In base 8, what is 21316 + 20?
21336
In base 3, what is 112 + -10211001?
-10210112
In base 12, what is -2 + -42230b?
-422311
In base 14, what is -3 - -4b206?
4b203
In base 4, what is -10 + 12002212231?
12002212221
In base 3, what is -102220 - 110020?
-220010
In base 13, what is -1873 + 16?
-185a
In base 13, what is 3 - 571c?
-5719
In base 5, what is -3 + -30141101?
-30141104
In base 12, what is -1148 + 20?
-1128
In base 6, what is -5 - 1422505?
-1422514
In base 15, what is -2 - 104d0e?
-104d11
In base 14, what is -1c96 - 1c?
-1cb4
In base 9, what is -35 - -7771?
7735
In base 5, what is 30 + -33222?
-33142
In base 7, what is 0 + -26242?
-26242
In base 14, what is 17ab + -2?
17a9
In base 5, what is -414 + -2113022?
-2113441
In base 7, what is 204 + -1111?
-604
In base 5, what is 12100124 - -2?
12100131
In base 2, what is 10001 + -1010011001011011?
-1010011001001010
In base 12, what is 18299 - -44?
18321
In base 7, what is 31 + 23264?
23325